787887.
1917
Calculate the highest common divisor of 29307100 and 25.
25
What is the highest common factor of 158700 and 447120?
1380
What is the greatest common factor of 341972 and 1504517?
799
Calculate the highest common divisor of 6308 and 14692660.
332
What is the greatest common factor of 4698 and 27716634?
1566
Calculate the highest common divisor of 482568 and 128.
8
Calculate the highest common factor of 1976 and 706914.
494
What is the greatest common divisor of 201461293 and 781?
781
Calculate the highest common factor of 477 and 141053723.
53
What is the greatest common divisor of 2386 and 154876453?
1193
Calculate the highest common factor of 1243431 and 2025.
81
Calculate the greatest common divisor of 108981072 and 720.
144
Calculate the greatest common divisor of 6150536 and 392.
56
Calculate the greatest common factor of 3058922 and 1651.
127
What is the highest common divisor of 24027664 and 32?
16
Calculate the highest common divisor of 5896824 and 24429.
51
Calculate the greatest common divisor of 114774 and 4031742.
2442
Calculate the greatest common factor of 344220 and 12360.
60
Calculate the highest common divisor of 174290 and 87870.
290
Calculate the highest common factor of 155 and 29833625.
155
What is the highest common divisor of 10 and 82493185?
5
What is the highest common divisor of 388821 and 27?
3
Calculate the highest common factor of 1056 and 2730552.
264
What is the highest common divisor of 219507280 and 14640?
4880
What is the highest common divisor of 6531 and 891638244?
6531
What is the greatest common factor of 9695 and 502215?
35
What is the greatest common divisor of 421837641 and 23?
23
Calculate the highest common factor of 121030151 and 55.
11
Calculate the greatest common factor of 8 and 4389743.
1
What is the highest common factor of 79647788 and 35649?
3961
What is the greatest common divisor of 3 and 72792039?
3
What is the greatest common divisor of 177660 and 2181816?
756
What is the highest common factor of 248302070 and 30?
10
What is the greatest common factor of 2178 and 11017050?
726
Calculate the highest common divisor of 242279058 and 210.
42
What is the highest common divisor of 20137422 and 132?
6
What is the greatest common factor of 1051436 and 6192?
172
What is the highest common factor of 13458595 and 540?
5
Calculate the greatest common divisor of 1337921625 and 375.
375
What is the highest common divisor of 4159211 and 37237?
1619
Calculate the greatest common factor of 33497 and 35131.
817
Calculate the greatest common divisor of 46 and 250131095.
23
Calculate the greatest common factor of 9691002 and 2268.
162
What is the highest common factor of 9756 and 94655964?
3252
What is the highest common factor of 222 and 63857375?
37
Calculate the highest common factor of 113 and 189508458.
113
Calculate the greatest common divisor of 8028552 and 147588.
588
What is the highest common divisor of 110190437 and 97433?
3143
Calculate the greatest common factor of 1088 and 11174272.
64
Calculate the greatest common factor of 4588129 and 3573.
397
What is the greatest common factor of 110670 and 8122?
62
Calculate the highest common divisor of 127638 and 336.
42
Calculate the highest common factor of 3866010 and 3255.
465
Calculate the highest common divisor of 203856 and 234391.
31
Calculate the greatest common divisor of 91989553 and 1167.
389
What is the greatest common divisor of 11984 and 20808932?
428
What is the greatest common factor of 231 and 23347698?
33
Calculate the greatest common factor of 2442 and 2340768.
222
Calculate the greatest common divisor of 235893 and 16252.
239
What is the greatest common divisor of 26544422 and 974?
974
What is the greatest common divisor of 52515 and 25285?
1945
Calculate the greatest common factor of 21999 and 579.
3
Calculate the greatest common divisor of 2693034 and 432.
54
What is the highest common factor of 525 and 5491850?
175
What is the greatest common factor of 9393923 and 3234?
77
What is the highest common factor of 28043 and 1612956?
967
Calculate the highest common factor of 3948 and 48259036.
1316
What is the greatest common divisor of 225 and 6696400?
25
What is the highest common divisor of 72340298 and 62?
62
What is the greatest common divisor of 13395 and 1786893?
2679
What is the highest common factor of 18826113 and 3?
3
What is the greatest common factor of 27093 and 736065?
33
What is the greatest common divisor of 7491455 and 374035?
1195
What is the greatest common divisor of 3150 and 38159100?
3150
What is the highest common divisor of 618793860 and 21360?
5340
What is the highest common factor of 1209540515 and 13714?
6857
Calculate the greatest common factor of 5295621 and 24.
3
Calculate the greatest common factor of 10935060 and 20355.
885
What is the greatest common divisor of 59147 and 585827?
209
What is the highest common factor of 1020 and 269859955?
85
Calculate the greatest common divisor of 14489 and 4.
1
What is the greatest common divisor of 2253 and 269826039?
2253
What is the greatest common factor of 40177404 and 396?
36
Calculate the highest common divisor of 1272 and 39055170.
318
Calculate the highest common factor of 323 and 250770944.
17
Calculate the greatest common divisor of 5131 and 110222.
7
Calculate the highest common factor of 6591 and 1870518.
39
What is the greatest common divisor of 96 and 70973232?
48
What is the highest common divisor of 288 and 15332608?
32
Calculate the highest common factor of 2533495 and 125.
5
Calculate the greatest common factor of 33845 and 714613.
967
What is the greatest common factor of 23420 and 14636?
4
Calculate the greatest common divisor of 33524 and 2965718.
578
Calculate the greatest common divisor of 1543317 and 973.
139
Calculate the greatest common factor of 238014 and 11340.
126
What is the highest common factor of 6327 and 11317671?
333
Calculate the highest common divisor of 3560763 and 695.
139
Calculate the highest common divisor of 10056 and 8664.
24
Calculate the greatest common divisor of 41246137 and 2686.
79
What is the highest common divisor of 7421135 and 5?
5
What is the highest common factor of 13556697 and 6?
3
What is the highest common divisor of 4105 and 407615827?
821
Calculate the greatest common factor of 17 and 635103289.
17
Calculate the highest common factor of 9825152 and 531.
59
Calculate the highest common factor of 23944 and 12760184.
328
Calculate the greatest common factor of 283065 and 128256.
501
Calculate the highest common factor of 864 and 57561536.
32
Calculate the highest common factor of 34720 and 339698.
62
Calculate the greatest common factor of 569 and 76085.
1
What is the greatest common divisor of 802 and 19969399?
401
Calculate the highest common factor of 450237834 and 18.
18
What is the highest common divisor of 168 and 8057700?
84
What is the highest common divisor of 129862440 and 288?
72
Calculate the highest common factor of 1167903318 and 6.
6
What is the highest common divisor of 179819274 and 47?
47
Calculate the highest common factor of 189 and 356706.
63
What is the highest common divisor of 2016216 and 5904?
2952
Calculate the greatest common factor of 878256 and 99009.
513
What is the greatest common factor of 86580 and 69262076?
1924
What is the highest common factor of 19663 and 2429308?
371
Calculate the greatest common factor of 268806 and 642.
6
What is the highest common factor of 73802732 and 796?
796
What is the greatest common divisor of 7182 and 11062548?
378
Calculate the highest common divisor of 6063096 and 429.
39
Calculate the highest common divisor of 15 and 3079595.
5
Calculate the highest common divisor of 12380 and 11136.
4
Calculate the highest common factor of 95175 and 893000.
1175
What is the highest common divisor of 352083011 and 6923?
6923
What is the greatest common divisor of 109209299 and 1129?
1129
What is the greatest common factor of 2906997 and 2508437?
2491
Calculate the highest common factor of 184 and 5086952.
8
What is the greatest common divisor of 1197 and 279323541?
1197
What is the greatest common factor of 95504070 and 14385?
2055
Calculate the greatest common factor of 170 and 625677095.
85
Calculate the greatest common factor of 13875 an